*m + 9. Calculate n(15).
-21
Let w(n) = n + 20. What is w(-20)?
0
Let c(n) = -12*n - 71. What is c(-13)?
85
Let w(d) = -d - 2. Give w(6).
-8
Let c(d) = -d**3 + 6*d**2 + 3*d + 8. Give c(8).
-96
Let u(f) = -f**2 + 3*f - 3. Determine u(8).
-43
Let o(s) = -s**3 + 9*s**2 + 55*s - 29. Give o(13).
10
Let x(o) = -o**3 - 24*o**2 - 61*o + 40. What is x(-21)?
-2
Let c(p) = p**2 - 8*p - 7. Calculate c(7).
-14
Let d(q) = 33*q + 203. Give d(-6).
5
Let d(g) = g**3 + 4*g**2 - g - 2. Determine d(-5).
-22
Let u(w) = w**2 + 6*w + 4. Determine u(-5).
-1
Let u(a) = a**3 - 7*a**2 - 6*a - 3. Calculate u(8).
13
Let j(h) = -4*h**3 - 2*h - 1. Give j(-1).
5
Let u(b) = 2*b**2 + 6*b + 60. Calculate u(-6).
96
Let f(d) = d**2 + 99*d - 624. What is f(6)?
6
Let o(g) = -34*g - 8. Give o(0).
-8
Let d(s) = -3*s**3 - 4*s**2 + 2*s + 1. Give d(2).
-35
Let x(r) = -r**3 + 6*r**2 - 7*r + 5. Determine x(5).
-5
Let o(w) = 4*w**2 - 2*w + 2. What is o(1)?
4
Let c(n) = -2*n. Calculate c(-7).
14
Let x(v) = 6*v - 6. Calculate x(-5).
-36
Let s(l) = -l**2 + 33*l - 43. Calculate s(32).
-11
Let r(u) = 12*u - 10. Determine r(1).
2
Let u(x) = -14*x - 186. Determine u(-13).
-4
Let g(n) = -n**2 + 4*n + 20. Give g(7).
-1
Let t(k) = -18*k + 1482. Determine t(82).
6
Let g(l) = -5*l - 83. What is g(-24)?
37
Let h(v) = v - 22. Give h(17).
-5
Let r(w) = -w**2 + 10*w + 5. What is r(9)?
14
Let r(i) = 4*i - 99. Determine r(24).
-3
Let o(t) = t**3 - 5*t**2 + 2*t + 1. Calculate o(4).
-7
Let m(s) = -s**3 + 15*s**2 + 3*s - 14. What is m(15)?
31
Let u(d) = 3*d + 4. What is u(-9)?
-23
Let q(v) = v**3 + 28*v**2 + 52*v - 8. Determine q(-26).
-8
Let c(v) = -18*v - 199. Calculate c(-11).
-1
Let d(i) = i**2 - 16*i + 53. Calculate d(20).
133
Let d(h) = 2*h**2 + 12*h + 8. Determine d(-5).
-2
Let l(n) = n + 8. What is l(-4)?
4
Let y(l) = 2*l**2 - 54*l - 54. Calculate y(28).
2
Let b(o) = 2*o**2 + 19*o + 31. What is b(-7)?
-4
Let y(n) = 2*n**3 - 3*n**2 - 2*n. Determine y(-2).
-24
Let x(r) = 3*r - 26. Calculate x(10).
4
Let n(d) = d**2 - 2*d - 11. Give n(0).
-11
Let i(z) = z**3 + 3*z**2 + 4*z + 16. Calculate i(-3).
4
Let c(s) = -16*s**2 - 64*s + 7. What is c(-4)?
7
Let v(w) = -w**3 - 5*w**2 - 8*w - 42. Give v(-5).
-2
Let h(a) = -7*a - 2. Give h(10).
-72
Let f(o) = -o**2 - 19*o - 18. Calculate f(-18).
0
Let p(f) = f**2 + 17*f + 35. What is p(-2)?
5
Let l(z) = -z**3 + 7*z**2 + z + 5. Give l(8).
-51
Let g(b) = b**3 + 11*b**2 - 10*b + 25. What is g(-12)?
1
Let y(g) = g**2 + 5*g + 12. Give y(-7).
26
Let m(a) = -a**2 - a - 35. What is m(-9)?
-107
Let f(m) = 7*m**2 - 4*m - 4. Give f(-1).
7
Let l(b) = -74*b**3 + b**2 - 1. What is l(-1)?
74
Let r(o) = 2*o**3 - 19*o**2 - 26*o - 14. Calculate r(11).
63
Let a(g) = 8*g + 1. Determine a(1).
9
Let p(t) = -t**3 + 9*t**2 + 6*t - 5. Give p(9).
49
Let w(l) = -4*l - 37. What is w(-12)?
11
Let v(h) = h**2 - h - 4. What is v(-5)?
26
Let i(k) = 4*k - 5. What is i(4)?
11
Let f(b) = 86*b + 511. Determine f(-6).
-5
Let b(q) = 25*q - 160. Give b(7).
15
Let r(u) = u**2 + 10*u + 17. Determine r(-12).
41
Let w(j) = 2*j + 61. Calculate w(-33).
-5
Let z(h) = 2*h**3 + 7*h**2 - 6*h. Calculate z(-4).
8
Let v(d) = -12*d - 1. Give v(1).
-13
Let j(d) = -d**3 + 11*d**2 - 8*d - 10. Calculate j(10).
10
Let f(s) = -15*s + 159. Calculate f(10).
9
Let u(d) = d - 12. What is u(7)?
-5
Let z(w) = -w**2 - 12*w - 9. Give z(-10).
11
Let w(h) = -h**2 + 8*h - 10. Determine w(3).
5
Let l(s) = 27*s - 571. Give l(21).
-4
Let c(n) = n**3 + n - 26. Give c(0).
-26
Let a(n) = 4*n - 41. Calculate a(16).
23
Let c(t) = -t**3 - 10*t**2 - 15*t - 20. What is c(-9)?
34
Let p(w) = -w + 30. What is p(22)?
8
Let j(z) = 3*z**3 - 3*z**2 + 4. What is j(2)?
16
Let v(k) = 28*k - 29. Calculate v(2).
27
Let i(v) = 9*v**3 + v**2 + v. Calculate i(-1).
-9
Let n(u) = -u**2 - 5*u + 6. Calculate n(-6).
0
Let t(i) = -2*i - 7. Give t(-5).
3
Let f(r) = r**3 + 13*r**2 - 14*r + 5. What is f(-14)?
5
Let h(n) = -n**3 + 7*n**2 - 5*n + 6. Determine h(5).
31
Let h(d) = -41*d + 819. Calculate h(20).
-1
Let x(s) = s**3 - 7*s**2 - 15*s + 6. Give x(9).
33
Let g(a) = -4*a + 77. Calculate g(8).
45
Let x(t) = -t**2 - 120*t + 760. Determine x(6).
4
Let z(m) = m**3 + 8*m**2 + 9*m - 1. Give z(-7).
-15
Let g(j) = -3*j**3 - 4*j**2 + 2*j + 2. Calculate g(2).
-34
Let n(j) = -j**3 + 9*j**2 - j + 18. What is n(9)?
9
Let u(k) = 2*k**2 + 2*k - 12. Determine u(-3).
0
Let n(g) = 3*g**2 + g. Determine n(1).
4
Let y(h) = 5*h - 4. Give y(5).
21
Let q(y) = 23*y - 19. Calculate q(1).
4
Let x(d) = 12*d + 86. Give x(-8).
-10
Let w(r) = 3*r**2 - 3*r - 3. Calculate w(4).
33
Let j(q) = -q**3 + 5*q**2 - 2*q + 1. Give j(4).
9
Let q(j) = -3*j**3 + 18*j**2 + 2*j + 3. Calculate q(6).
15
Let y(g) = g**3 - 13*g**2 + 38*g - 10. What is y(4)?
-2
Let i(n) = n**3 - 6*n**2 - n + 7. Give i(6).
1
Let k(x) = -2*x + 14. Determine k(11).
-8
Let u(j) = 3*j**3 - j**2 + 3*j - 2. Determine u(1).
3
Let d(f) = -f**2 + 3*f + 30. Determine d(12).
-78
Let s(j) = -j**2 - 2*j + 1. Give s(-2).
1
Let p(s) = -s**3 + 31*s**2 + s - 38. What is p(31)?
-7
Let w(c) = c**3 - 6*c**2 - 13*c + 48. Determine w(7).
6
Let p(r) = r**3 + 11*r**2 - 2*r - 14. Give p(-11).
8
Let l(f) = f**2 + 8*f - 6. Give l(-11).
27
Let v(o) = -o**3 - 6*o**2 + 4*o - 1. Calculate v(-7).
20
Let v(g) = -g**3 + 13*g**2 - 14*g - 3. Give v(12).
-27
Let j(q) = -4*q + 2. What is j(-1)?
6
Let t(v) = v**3 + 20*v**2 + 4. Give t(-20).
4
Let m(l) = -l**2 + 6*l + 8. What is m(6)?
8
Let w(t) = -4*t - 16. Determine w(8).
-48
Let f(l) = 9*l**2 - 3*l - 3. Determine f(-1).
9
Let h(n) = -n**3 - 28*n**2 - 25*n + 21. Determine h(-27).
-33
Let r(n) = n**3 + n**2 + n + 21. Give r(-4).
-31
Let d(a) = 4*a + 64. Determine d(-20).
-16
Let n(z) = z**3 + 6*z**2 + 42*z + 347. Determine n(-7).
4
Let o(l) = l - 10. Give o(14).
4
Let d(f) = -4*f**2 - 9*f + 28. What is d(-5)?
-27
Let a(r) = -18*r + 327. Give a(18).
3
Let s(j) = -j - 32. Determine s(-10).
-22
Let o(q) = -2*q**2 + q + 1. Give o(-1).
-2
Let m(w) = -w**3 - 11*w**2 - w - 11. What is m(-11)?
0
Let q(c) = c**2 - 2*c - 48. What is q(-7)?
15
Let f(z) = 10*z - 33. Calculate f(0).
-33
Let w(k) = k**2 + k. What is w(2)?
6
Let t(w) = 5*w**2 - 7*w + 10. Determine t(5).
100
Let l(k) = -3*k - 15. What is l(-10)?
15
Let h(m) = -m**2 + m + 6. What is h(0)?
6
Let y(b) = 13*b**2 + 2*b + 2. Calculate y(-1).
13
Let g(h) = h**2 + 61*h + 122. Determine g(-59).
4
Let l(q) = -2*q**3 - 109*q**2 - 51*q + 165. Give l(-54).
3
Let a(k) = k - 2. Calculate a(0).
-2
Let y(l) = -2*l - 41. Give y(-25).
9
Let i(x) = x**2 - 5*x - 1. What is i(4)?
-5
Let h(u) = -2*u**2 + 3*u - 7. Give h(2).
-9
Let v(j) = j**2 + j - 5. Give v(-9).
67
Let p(s) = -6*s + 7. Determine p(11).
-59
Let j(w) = -48*w**3 - 2*w + 1. Calculate j(1).
-49
Let g(q) = 2*q**2 + 6*q + 2. Calculate g(-5).
22
Let z(w) = w**2 - 4*w - 13. Give z(6).
-1
Let t(s) = -s**2 - 7*s + 1. Calculate t(-7).
1
Let h(l) = l**2 + 2*l - 7. What is h(-5)?
8
Let o(c) = c**2 + 8*c - 238. Calculate o(-20).
2
Let q(b) = b**3 + 2*b + 3. Give q(-2).
-9
Let m(b) = b**3 - 2*b**2 - 34*b - 14. Determine m(7).
-7
Let x(k) = -17*k**2 - 2*k + 1. Determine x(1).
-18
Let d(q) = -q**3 + q**2 + 5*q - 4. What is d(3)?
-7
Let w(p) = 11*p - 1. Calculate w(0).
-1
Let t(f) = -f**2 - 5*f - 10. What is t(-7)?
-24
Let f(x) = -x**2 - 29*x - 102. Calculate f(-25).
-2
Let j(f) = -15*f. Determine j(1).
-15
Let x(g) = -g**3 + 38*g**2 - 2*g + 83. Calculate x(38).
7
Let a(j) = j**3 + 2*j**2 + 4*j + 2. What is a(-3)?
-19
Let t(k) = -29*k - 429. What is t(-15)?
6
Let o(t) = t**3 + 11*t**2 - 2*t - 24. Determine o(-11).
-2
Let l(r) = -r**2 + 13*r - 47. Determine l(5).
-7
Let y(x) = -x**2 - 10. Determine y(-4).
-26
Let u(g) = g**3 + 2*g**2 + 7*g + 13. Determine u(-2).
-1
Let g(d) = d**2 + 2*d - 13. Calculate g(-5).
2
Let j(x) = -x**2 - 18*x - 9. Calculate j(-17).
8
Let y(w) = -2*w + 2. What is y(10)?
-18
Let g(f) = -f**3 - 5*f**2 + 4*f - 2. Give g(-6).
10
Let z(a) = a**2 + 8*a + 8. Give z(-1).
1
Let v(m) = -m**3 + 11*m**2 - 13*m + 21. Calculate v(10).
-9
Let b(a) = a**2 + 4*a - 3. What is b(-5)?
2
Let y(f) = 8*f - 27. What is y(7)?
29
Let f(w) = 10*w - 4. What is f(-4)?
-44
Let a(r) = -14*r - 277. Calculate a(-20).
3
Let b(o) = -o + 21. Determine b(11).
10
Let b(j) = -2*j**2 - 6*j + 4. Determine b(-8).
-76
Let z(v) = v + 51. Calculate z(0).
51
Let v